- 3. Let s(r) = j*l(r) + h(r). What is s(3)?
-25
Let x(h) = h**3 + 8*h**2 + 10*h - 19. Let n be -13 + 0 + (-3 - (11 - 21)). Give x(n).
-7
Suppose 11*j = 6*j + 10. Let z(s) = -422*s - 1 + 3*s**2 - 2*s**j + 423*s. Give z(2).
5
Let z = 11023 - 11034. Let o(b) = -3*b**2 - 34*b - 11. Determine o(z).
0
Let l = 172 + -226. Let w = -57 - l. Let u(z) = -z**3 - 3*z**2 - 4*z - 4. Give u(w).
8
Let v(l) be the third derivative of -l**4/12 + 2*l**3/3 + 6*l**2. Let p(c) = -39*c + 784. Let h be p(20). Calculate v(h).
-4
Suppose 3*x = -12, 8 = z - 4*x - x. Let a = z - -18. Let d be ((-4)/a)/(7/(-63)). Let i(n) = -2*n + 8. What is i(d)?
-4
Let n(j) be the first derivative of j**3/3 - 9*j**2/2 + 3*j - 29188. Suppose 0 = 4*g + 20, 0 = -4*b + 6*b - 3*g - 23. Calculate n(b).
-17
Let x(t) = -t - 7. Let j = 273 - 268. Suppose d - 4*m + 17 = 0, j*d + 2*m + 41 = -0*m. What is x(d)?
2
Let b(q) = q**2 - 36. Let z be b(-6). Suppose 5*i + 3*j + 25 = z, -30*i - 2*j = -29*i + 5. Let t(a) = a**2 - 1 + 0 + 3*a - 3. Determine t(i).
6
Let w be (112/40)/((-2)/(-10)). Suppose 22*r = 23*r - 4. Let i(t) = 14*t - t**2 - 6*t - w*t + r. Determine i(-5).
9
Let y(n) = -2*n**3 + 26*n**2 + 27*n + 7. Let o be y(14). Let d(m) = -m**3 - 8*m**2 - 12*m - 52. Calculate d(o).
-17
Let o(w) = -7 + 30 - 5537*w + 5551*w - w**2. Determine o(-2).
-9
Let b(z) be the second derivative of -161*z**5/20 + z**4/12 - z**3/6 - z**2/2 + 10*z + 40. Give b(-1).
162
Suppose 0 = 3*k + 4*c - 25, -5*k = -2*c - 3 - 4. Let o(b) = -3*b**3 - 2*b - 3*b**2 + 4*b**k - 14072 + 14076. Give o(3).
-2
Let w(r) = -27*r**2 - 2*r - 1. Suppose -10*j + 160 = -5*j. Suppose j*y = 30*y + 4. Suppose -2*a - y*k = 6, 6*k + 4 = 4*k. Give w(a).
-26
Let i be (-98)/441*(-72)/2. Let d(a) = 2*a - 8. Calculate d(i).
8
Let x(y) be the first derivative of 0*y + 1/2*y**2 + 7/3*y**3 - 39. Give x(1).
8
Suppose 2*k + 0*z - 1095 = 5*z, -k + z + 549 = 0. Suppose 100 = -5*s + k. Let x(v) = -s + 5*v + 48 + 44. Calculate x(-3).
-13
Let j(s) = -s**3 - s**2 + 4*s - 3. Suppose 2*n = 4*n + 20. Let x be n/(-2*1/(-5)). Let g = x + 27. Give j(g).
-7
Suppose 4*a + 19 = -1. Let q(h) = 11*h**2 - 5*h + 1. Let v(b) = 2*b**2 - b + 1. Let y(i) = a*v(i) + q(i). Give y(-4).
12
Let u(r) be the second derivative of -r**4/12 - r**3/2 + 5*r**2 + 2*r + 244. Give u(-4).
6
Let h(i) = -47*i + 5 - 16*i**2 - 7 + 5*i**3 - 4*i**3 + 97*i - 52*i. Calculate h(16).
-34
Let t(p) = -7*p + 38. Let m = 34602 - 34594. What is t(m)?
-18
Let o be 575/115 + (-16)/(-1) - (3 - 1). Let u(w) = -w**3 + 17*w**2 + 32*w + 10. Calculate u(o).
-104
Let s(l) = -3*l - 7. Let b = -57 + 89. Let g be (2/(-4))/((-2)/68). Suppose -g = -3*z - b. Calculate s(z).
8
Let s(y) = y**3 + 7*y**2 + 14*y + 15. Suppose 873*r - 875*r = 3*g + 32, -3*r = 21. What is s(g)?
-33
Let j(v) = v**3 + 10*v**2 + 7*v - 11. Let u = -287 + 329. Suppose u*l = 12*l - 270. Give j(l).
7
Let w(h) be the second derivative of 0 - 2/3*h**3 - 7/2*h**2 - 62*h. Determine w(5).
-27
Let x(s) = -s**3 + 4*s**2 + 7*s - 3. Suppose 2*k = 5*n + 56, 2*k + n = 5*n + 54. Let l = 303 + -299. Suppose 4*t + k = l*c + t, -2*c + 5*t + 15 = 0. Give x(c).
7
Let z(u) = u**2 + 8*u + 6. Suppose 5*m - 6 + 31 = 0. Let l be z(m). Let x be l/(-12) - (-1 + 27/4). Let y(o) = -o**2 - 7*o - 3. Determine y(x).
7
Let p(n) = n**3 + 5*n**2 - 2*n - 5. Let c(a) = -a**2 + 133*a - 1978. Let l be c(116). Calculate p(l).
-29
Let b = 98 - 22. Let l be 34/8 + b/16 + -4. Let q(c) = -c**3 + 5*c**2 + 6. What is q(l)?
6
Let n(j) = -j**2 + 36*j + 73. Suppose l - 3*f = 29, 0 = -4*l - 3*f - 72 + 233. Give n(l).
-3
Let c(r) = -26 + r + 11 + 7 + 6. Let b = 185 + -190. Determine c(b).
-7
Let j(u) = u - 3. Let w = -43 - -36. Let z(t) = -t**2 - 14*t - 45. Let m be z(w). Let y(o) = -o**2 + 7*o - 10. Let d be y(m). Determine j(d).
-1
Let r(m) be the second derivative of 5*m**3/6 - m**2/2 + 8*m - 1. What is r(2)?
9
Let u(z) = 3*z**2 + 14*z - 253. Let w(g) = -4*g**2 - 14*g + 252. Let y(p) = 3*u(p) + 2*w(p). Let k(q) be the first derivative of y(q). What is k(-11)?
-8
Let s(t) = -7*t**2 + 68*t - 112. Let i be s(7). Let g(w) = 2*w**3 - 42*w**2 - 2*w + 24. Determine g(i).
-18
Suppose 11*y = 5 + 28. Let o(t) = 368 - t**2 - 361 + 3*t**2 - y*t**2. Calculate o(-5).
-18
Let i(h) = -29*h + 1247. Let f be i(43). Let s(o) = o**2 - 117. Calculate s(f).
-117
Let t = 12153 + -12159. Let l(q) be the first derivative of q**3/3 + 9*q**2/2 + 18*q + 4. Give l(t).
0
Let y(z) = -2*z**2 + 41*z - 125. Let m(b) = -2*b**2 - 8*b + 94. Let l be m(-9). What is y(l)?
7
Let u(n) = -5*n**2 + n + 4. Let g(a) = 6*a**2 - 3*a - 6. Let j = 755 + -750. Let o(k) = j*u(k) + 4*g(k). Suppose 6 = -3*w + w. Calculate o(w).
8
Let x(y) = -42*y**2 + 6*y - 2. Let z(n) = 408*n + 6938. Let f be z(-17). Determine x(f).
-158
Suppose 45*z + 11 = -5*u + 41*z, 5*u = 4*z - 19. Let g(q) = 3*q**3 + 6*q**2 - 4*q - 2. Give g(u).
-17
Let a(s) = -3 - 1 + 0 + s. Let k(d) = -2*d**2 + 154*d - 844. Let i be k(6). Determine a(i).
4
Let d(a) = 6 - 15*a**2 - 20*a + 20*a - a. Let h(n) = 13*n**2 + n - 5. Let p(j) = 6*d(j) + 7*h(j). Calculate p(0).
1
Let c(k) = -5*k**2 - 38*k + 66. Let z be (-23 + 41)*(-3 - (-5)/2). Calculate c(z).
3
Let u(b) be the first derivative of 6*b**3 + b**2/2 + 5. Let j be 23/(0 + (-3)/(-12)). Let m = -93 + j. Calculate u(m).
17
Let u(p) = 8*p + 361 + p**3 + 17*p**2 + 7*p - 369. Determine u(-16).
8
Let f(h) = -h**2 - 11*h - 26. Let g = 7766 + -7772. What is f(g)?
4
Let h(a) = 94275*a - 188556*a + 94270*a - 15. Determine h(-1).
-4
Let t(l) be the second derivative of l**4/12 + l**3/2 - 4*l**2 + 8*l. Let g = 73 + -38. Let r = 29 - g. Determine t(r).
10
Let u be (-13)/7 - (-10)/(-70). Let i(y) = -y**3 + 8*y**2 - 5*y - 10. Let x be i(7). Let l(k) = x + 1 - 6 - 7*k. What is l(u)?
13
Let x(w) = -2*w - 16. Let b(j) = -4*j + 7 + 5 + 2*j. Let t be b(10). Let d be x(t). Let y(q) = q + 7. What is y(d)?
7
Let y be (-14)/280*12*(-15)/18. Let q(r) be the second derivative of 1/12*r**4 + 2*r**2 + 0 - 3*r + y*r**3. What is q(-4)?
8
Let f(g) be the third derivative of g**4/24 + 2*g**3 + 19*g**2. Let a be f(-9). Let y(m) = 3*m + 6*m**2 + 5 - 2*m**3 + 10 + 3*m**a - 11. Calculate y(-6).
-14
Suppose -8*a + 146 = 74. Let z = a - 3. Let f(p) = p**3 - 7*p**2 + 5*p - 7. What is f(z)?
-13
Let v(z) be the first derivative of -z**3/3 - 3*z**2 - 11*z + 397. Give v(-5).
-6
Let y(l) = l - 2 - 2*l**3 + 9*l**2 + 3 + l**3 + 0*l - 5. Let o be (-2)/(-2*2/36). Let n be (-6 - -5)*o/(-2). Calculate y(n).
5
Let k(z) = -219*z - 97 + 207*z + 89. Calculate k(5).
-68
Suppose 5*g - 62 = -4*a, 3*a = -4*g + 51 - 4. Let t(k) = -k**2 + 11*k + 26. Let j be t(a). Let x(i) = -i**3 - i**2 + i - 10. Determine x(j).
-10
Suppose -66*t = -75*t - 99. Let q(k) = -2*k**3 - 24*k**2 - 24*k - 1. What is q(t)?
21
Suppose -4*h = 2*a + 10, -5*h - 17 = 4*a - 3*a. Suppose 3*l = -j, -l = -j - 7 + a. Let o(y) = -2*y**2 - 6*y - 1. Give o(j).
-1
Suppose -2*s - 5 + 1 = -2*g, -4*g - 5*s - 19 = 0. Let h be -4 + g/((-3)/18). Let f(q) = -5*q - q - 2 - 4 + 8. Calculate f(h).
-10
Let n(z) = -2*z**2 - 26*z + 22. Let l = 18018 + -18033. Determine n(l).
-38
Let d(m) = -14*m - 233*m**2 - 5 + 111*m**2 + 123*m**2. Calculate d(14).
-5
Let k(w) = -3*w + 15. Suppose -4*i - 35*i - 22*i + 3*i = 0. What is k(i)?
15
Let o(q) = -q**2 + 9*q - 3. Let t be 7008/(-432) - (0 - (-4)/(-18)). Let s = 49 - 24. Let c = t + s. Calculate o(c).
-3
Let m(g) = 2*g + 22 - g - 23. Let o be m(-3). Let q(d) = -2*d**2 - d - 2. Let l(v) = 2*v**2 + 2*v + 1. Let t(a) = -4*l(a) - 3*q(a). Determine t(o).
-10
Let m(b) = -b**2 + b - 2. Let w = -23 - -28. Suppose -2*n = w*y - 72, 4*n + 3*y + 2*y - 134 = 0. Let f = n + -29. What is m(f)?
-4
Let k(u) = -u**3 - 5*u**2 + 2*u - 4. Let t(l) = 11 - 10*l**3 - 11*l - 8*l**2 + l**3 + 8*l**3. Let o be t(-6). Suppose -5*j = -6*j - o. Give k(j).
-14
Suppose 0 = 5*d - p, -3*d = -6*d + 4*p. Let t(h) = -49011*h**2 + d*h + 6 - 10*h + 49010*h**2 + 0. What is t(-10)?
6
Suppose 30*d - 10181 = -941. Let w = -313 + d. Let u(n) = -4*n - 3. Give u(w).
17
Let w(r) be the first derivative of 5*r**4/24 + r**3/2 + 4*r**2 + r + 63. Let v(x) be the second derivative of w(x). Determine v(-6).
-27
Let q(l) = 2*l**2 + 6*l. Let t = 12 + -3. Suppose 0 = 5*o + 3*w - 45, o + 4*w - t = -w. Suppose 16 = -5*d - o. What is q(d)?
20
Let z(j) = 38*j - 29. 